96/90 - 1)*517518 + (-8)/(-10)?
3
Suppose -5*z - 44 = 86. Let d(y) = y**3 + 28*y**2 + 35*y + 55. What is the tens digit of d(z)?
9
Let q = -31900 - -44963. What is the units digit of q?
3
Let f(o) = 64*o**2 + 2*o - 28. Let j be f(4). Let a = j + -188. What is the tens digit of a?
1
What is the tens digit of 261/203 - 5573640/(-140)?
1
Let i(s) = -3*s**3 - 23*s**2 + 90*s + 3. What is the thousands digit of i(-13)?
1
Suppose -1 = d, -5*w - 8665 = -6*d + d. What is the tens digit of w/(-12)*(-15)/(-5)*2?
6
Suppose -b - 14 = -2*b. Let i = -14 + b. Suppose i = -2*g + 65 + 163. What is the hundreds digit of g?
1
Let p(s) = s**3 + 5*s**2 - s + 3. Let o be ((-2 - -1)*3)/1. Let l be (1/o)/(7/84). What is the units digit of p(l)?
3
Let h = -11370 + 20982. What is the tens digit of h?
1
Let s be (-10)/(-80) + (-196989)/(-24). Suppose -35*n + s = -8*n. What is the hundreds digit of n?
3
Suppose -5*w + 5 = 3*a, -4*w + 5*a = -3*w - 29. Suppose -w*i + 1088 = -52. What is the tens digit of i?
8
Suppose 2*t = 0, -3*l - 16*t + 25500 = -11*t. Suppose -4*q = o - 4047, -5*q - o - 3441 = -l. What is the hundreds digit of q?
0
Suppose 2*m - 3*v - v - 140 = 0, -2*m - 2*v = -152. Suppose 4*y - 210 = m. What is the units digit of y?
1
Suppose 81*s - 51 = 84*s. Let q = -17 - s. What is the units digit of 3*136/6 - (q + 0)?
8
Let a = 7320 + 1008. What is the units digit of a?
8
Suppose -z + x = 16 - 7, -z + 4*x - 18 = 0. What is the hundreds digit of (z + 1)/(78/(-76) + 1)?
1
Let v(j) = j**2 - 9*j + 18. Let n be v(5). Suppose 4*r - 34 = 2*r. Let u = n + r. What is the tens digit of u?
1
Suppose 10*o + 14*o = 240. Let p(r) = 80*r + 28. What is the units digit of p(o)?
8
Let t(h) = -8*h**2 - 6*h + 1. Let f(j) = 2*j**3 + 9*j**2 + 5*j - 2. Let i(n) = -3*f(n) - 4*t(n). What is the units digit of i(-2)?
2
Suppose -3*g = 4*n - 0*n - 8, 3*g = 2*n - 4. Suppose 9*d = 4*d + s + 4334, g = 5*s - 5. What is the tens digit of d?
6
Suppose 4*x - 80462 = -5*l, 4944*x - 4945*x + 3*l = -20107. What is the ten thousands digit of x?
2
Let p be -1 - -4 - (-5 + (1605 - 0)). What is the thousands digit of (p - 2)/((-9)/6)?
1
Let r = -80 - -96. Suppose 13*o - r*o = -702. Suppose o = 5*p - 41. What is the units digit of p?
5
Suppose -37554 = -66*i + 78606. What is the thousands digit of i?
1
Suppose a = 3*v - 752, 2*a - 3 = 5. Let l be (v/49)/9*(-7)/(-2). What is the tens digit of 13*(1/((-1)/(-3)) + l)?
6
Let k(s) = s + 46. Let f be k(-13). Let z be (-854)/(-22) + 6/f. Let i = z + 91. What is the tens digit of i?
3
Let k(n) = n**3 + 16*n**2 + 19*n - 159. What is the tens digit of k(-10)?
5
Suppose -114*z - o = -111*z - 128810, 3*z + 4*o - 128798 = 0. What is the hundreds digit of z?
9
Suppose x - 17 = -3*p, -p - 6*x = -x - 15. Suppose h + 4165 = p*b, 11*b - 3332 = 7*b + 2*h. What is the units digit of b?
3
Let d = 863 - 1824. Let h = 1753 + d. What is the units digit of h?
2
Let k = 9460 + -6485. What is the thousands digit of k?
2
Let o(l) = -l**2 - 4*l + 288. Let p be o(0). Let x = p + 939. What is the tens digit of x?
2
Let s(z) = -2170*z - 490. What is the units digit of s(-9)?
0
What is the tens digit of (-75)/45 + 81570/18?
3
Let w(c) be the second derivative of -c**4/12 + 16*c**3/3 - 9*c**2/2 - 352*c. Let t = -15 - -27. What is the tens digit of w(t)?
3
Let c be 27*4*(-1)/(-12). Suppose 0 = 3*m + 3*i + 213, -c*m + 5*m + 3*i - 249 = 0. Let y = m + 86. What is the units digit of y?
0
Suppose 2*p = 5*p - 30. Let s be (-4)/p + 12/5. Suppose -s*w + 234 = w. What is the tens digit of w?
7
What is the ten thousands digit of 67332/(-186)*205/(-2)?
3
Let n = 18304 + -15440. What is the hundreds digit of n?
8
Suppose 0 = -5*i - 5*h + 52 - 32, -5*i + 2*h + 27 = 0. Let n(r) = -2*r**2 + 6*r + 5. Let v(f) = 1. Let w(l) = -n(l) - 2*v(l). What is the units digit of w(i)?
3
What is the hundreds digit of (4*3210/28)/(30/105)?
6
Suppose 0 = 3*a + 138 - 2133. Suppose 6*r = -r + a. Suppose 5*i = -0*i + r. What is the tens digit of i?
1
Let u = 63 + -70. What is the units digit of 1414*(26/u + 4)?
4
Suppose -2*u - 2445 = 13*u. Let a be 2*964/32*4. Let d = u + a. What is the units digit of d?
8
What is the ten thousands digit of 25/(-5) + (-211 + 5)/((-2)/187)?
1
Suppose -63191 = -13*y + 40913 + 585. What is the hundreds digit of y?
0
Let h be 928/6*(-132)/(-88). Let n = h + -29. What is the hundreds digit of n?
2
Let m be (-78)/(-52)*(-2 - 0) - -45. Suppose -n + 4*t + 11 = 0, 14 + m = 4*n - 4*t. What is the units digit of n?
5
Suppose 10*c - 4*p = 14*c - 496, 0 = -3*c - 5*p + 380. What is the tens digit of (49760/c)/(1/3)?
4
Let l(s) = -24*s + 216. Let a be l(9). Suppose -2*u + 1741 = -5*z, 7*u - 2*u + 4*z - 4270 = a. What is the units digit of u?
8
Let b(f) = -6*f + 92. Let w(l) = l + 35. Let y be w(-20). What is the units digit of b(y)?
2
Let d(t) = 8741*t - 2503. What is the hundreds digit of d(6)?
9
Let v(n) = -n**3 + 11*n**2 + 2*n - 39. Let r be (-47)/(-4) + 9/36. Suppose -r*h = -48 - 36. What is the units digit of v(h)?
1
Let m(c) = -40*c**2 - 40*c - 113. Let i be m(-3). Let b = i + 425. What is the tens digit of b?
7
Let n(v) = 2*v**2 + 37*v + 88. Let q be n(-16). What is the hundreds digit of 823*(q - 7) - -4?
8
Let d = -149 - -86. What is the tens digit of (-22518)/d + 4/7?
5
Suppose 0 = y - 5*z - 2152 - 3218, 4*y - 21530 = -5*z. What is the units digit of y?
0
Let s(p) = 2*p**2 + 25*p - 11. Let o be s(-13). Suppose 0 = -5*h + 2*q + 2378, 496 = o*h - 2*q - 460. What is the units digit of h?
4
Let w be ((-34)/10 - -1)/(18/120). What is the tens digit of 6/48*w/(-6)*1746?
8
Let z be (-724*(-4)/(-20))/((-12)/90). Let b = -733 + z. What is the tens digit of b?
5
Let c(g) = -g**3 - 3*g**2 + 6*g + 20. Let n be c(-7). Suppose 3*q + n + 516 = 5*z, -650 = -5*z - 5*q. What is the tens digit of z?
3
What is the tens digit of ((-582228)/(-378))/((-12)/(-56))?
8
What is the units digit of 225/(-4)*(38 - (1132 - -30))?
5
Suppose 4212 = 9*k - 3*k. Suppose -48 = 6*o - k. What is the hundreds digit of o?
1
Suppose -5*j - 8*v + 29886 = -11*v, -5*v + 29870 = 5*j. What is the units digit of j?
6
Let j(o) = -26*o + 6. Suppose 5*t + 3 = 2*t. Let p = t - 2. What is the units digit of j(p)?
4
Suppose -5*x = a - 525, -5*a + 673 - 232 = 4*x. What is the tens digit of 134628/x*2/3?
6
Suppose 0 = 35*l - 229579 - 899066. What is the ten thousands digit of l?
3
Suppose -2*o = -6*o + 8, o - 2 = 4*k. Suppose -5*t = -2*m + 94, -4*m = 3*t - k*t - 188. Let q = m - 27. What is the units digit of q?
0
What is the thousands digit of (1/(5/6))/(210/233625)?
1
Let f(g) = -g**2 + 16*g - 23. Let l be f(14). What is the tens digit of 1*(410 - (1 + l))?
0
Let h(z) = 15*z + 14. Let g be h(-5). Let x = g + 61. What is the tens digit of 0 + x + 1 + 27?
2
Suppose -38*d = -36*d - 2254. Suppose 0 = -4*k + 5*h - 4*h + 2309, 2*k + 5*h = d. What is the hundreds digit of k?
5
Suppose -7*h + 11*h - 4*u = -4, -1 = h + 3*u. What is the tens digit of 653 + ((-2 - h) + 2)*-1?
5
Let m be (-2314)/(-10) - 6/(-10). Suppose 6*l - 10*l + m = 0. Suppose 5*i - 5*p = -p + l, 4*p = 12. What is the tens digit of i?
1
Let f = -23 + 7. Let x(j) = -10*j + 38. Let q be x(f). Suppose 0 = 38*b - 37*b - q. What is the units digit of b?
8
Let i(c) = -33*c + 33. Let t be i(1). Suppose -2*b = 3*z - 6*b - 3774, t = z + b - 1265. What is the thousands digit of z?
1
Suppose -30*s + 13160 = -2*s. Let n = s - 186. What is the units digit of n?
4
Suppose -3*c - 3*o + 22 = c, -c = -3*o + 2. Suppose 4*v + 5009 = 5*j, 2*v - c*v + 3023 = 3*j. What is the hundreds digit of j?
0
Let f(z) = 277*z**2 + 1. Let b(w) = 2*w**2 - 27*w + 11. Let p be b(13). What is the units digit of f(p)?
9
Let k be (-3)/(54/(-40)) - 4/18. Suppose -4*o + 4*m + 1076 = 0, -k*o - 2*o + 1112 = 5*m. Suppose 9*p - o = 2*p. What is the units digit of p?
9
Let m(g) = -8*g**2 + 16*g - 6. Let v be m(6). What is the units digit of (-7 + v/(-27))/((-1)/(-837))?
9
Suppose -3*b + 15336 = 2*b - 4*n, 0 = 2*b - 2*n - 6136. Suppose -3*s - 604 = -w - 7*s, -5*w + 2*s = -b. What is the tens digit of w?
1
Suppose 6*l + 6*l = -1728. Let s = 284 + l. What is the tens digit of s - (0 + -3 - -4 - -2)?
3
Let i = 239 + -335. What is the tens digit of (107/3)/((-8)/i)?
2
Suppose -5*p - 9 = 3*j + 30, -42 = 3*j + 4*p. Let z be 3 + (-4)/j + 